
What is the hundred thousands digit of 375052?
3
What is the millions digit of 17700992?
7
What is the units digit of 11214721?
1
What is the ten thousands digit of 853795?
5
What is the hundreds digit of 353468?
4
What is the hundreds digit of 602555?
5
What is the units digit of 368618?
8
What is the hundred thousands digit of 752335?
7
What is the ten thousands digit of 262349?
6
What is the thousands digit of 181407?
1
What is the hundreds digit of 846190?
1
What is the units digit of 419138?
8
What is the hundreds digit of 61740?
7
What is the hundreds digit of 1150911?
9
What is the thousands digit of 39310?
9
What is the ten thousands digit of 1442138?
4
What is the tens digit of 18052082?
8
What is the hundreds digit of 599947?
9
What is the hundred thousands digit of 3568627?
5
What is the units digit of 1778839?
9
What is the ten thousands digit of 563281?
6
What is the hundreds digit of 6868263?
2
What is the tens digit of 352717?
1
What is the units digit of 8918617?
7
What is the hundred thousands digit of 273506?
2
What is the thousands digit of 16935587?
5
What is the units digit of 284408?
8
What is the hundred thousands digit of 5570788?
5
What is the units digit of 686011?
1
What is the units digit of 198675?
5
What is the millions digit of 1768356?
1
What is the units digit of 93659?
9
What is the millions digit of 13175494?
3
What is the hundred thousands digit of 7783774?
7
What is the units digit of 26921242?
2
What is the units digit of 360162?
2
What is the units digit of 2720609?
9
What is the hundred thousands digit of 18558962?
5
What is the tens digit of 288361?
6
What is the tens digit of 47379?
7
What is the thousands digit of 12862157?
2
What is the hundred thousands digit of 8273811?
2
What is the millions digit of 1807533?
1
What is the tens digit of 382064?
6
What is the thousands digit of 8675455?
5
What is the thousands digit of 945189?
5
What is the ten millions digit of 10050877?
1
What is the tens digit of 1286381?
8
What is the units digit of 2884068?
8
What is the hundreds digit of 6197967?
9
What is the ten thousands digit of 50576?
5
What is the tens digit of 106270?
7
What is the tens digit of 26664?
6
What is the units digit of 2848861?
1
What is the thousands digit of 1065299?
5
What is the ten thousands digit of 9460514?
6
What is the hundreds digit of 806267?
2
What is the thousands digit of 66833?
6
What is the ten thousands digit of 2641400?
4
What is the hundred thousands digit of 1045316?
0
What is the tens digit of 224996?
9
What is the units digit of 922307?
7
What is the units digit of 7846413?
3
What is the tens digit of 14120854?
5
What is the hundreds digit of 115924?
9
What is the units digit of 17991?
1
What is the tens digit of 386428?
2
What is the units digit of 445707?
7
What is the thousands digit of 554903?
4
What is the tens digit of 86841?
4
What is the ten thousands digit of 4259302?
5
What is the ten thousands digit of 98166?
9
What is the ten thousands digit of 387330?
8
What is the hundred thousands digit of 27052838?
0
What is the tens digit of 443689?
8
What is the thousands digit of 231090?
1
What is the units digit of 234807?
7
What is the ten thousands digit of 631461?
3
What is the units digit of 992296?
6
What is the tens digit of 194249?
4
What is the thousands digit of 54369?
4
What is the hundred thousands digit of 1136833?
1
What is the hundreds digit of 912594?
5
What is the thousands digit of 1747351?
7
What is the millions digit of 1413651?
1
What is the millions digit of 4141158?
4
What is the hundred thousands digit of 1124402?
1
What is the units digit of 632385?
5
What is the tens digit of 31125?
2
What is the ten thousands digit of 318370?
1
What is the hundreds digit of 222331?
3
What is the tens digit of 29021?
2
What is the thousands digit of 164760?
4
What is the hundred thousands digit of 243613?
2
What is the millions digit of 14507341?
4
What is the tens digit of 1546839?
3
What is the hundreds digit of 143288?
2
What is the hundred thousands digit of 9044966?
0
What is the tens digit of 7505183?
8
What is the tens digit of 719416?
1
What is the millions digit of 7273866?
7
What is the ten thousands digit of 691954?
9
What is the hundred thousands digit of 6882993?
8
What is the tens digit of 259295?
9
What is the hundred thousands digit of 7478178?
4
What is the ten thousands digit of 4973921?
7
What is the thousands digit of 3778511?
8
What is the units digit of 143298?
8
What is the hundred thousands digit of 4561661?
5
What is the tens digit of 10517587?
8
What is the ten thousands digit of 175248?
7
What is the tens digit of 92008?
0
What is the hundred thousands digit of 2496145?
4
What is the millions digit of 1440953?
1
What is the hundreds digit of 3927953?
9
What is the units digit of 3462064?
4
What is the tens digit of 62907?
0
What is the hundreds digit of 1330292?
2
What is the hundred thousands digit of 289284?
2
What is the thousands digit of 380835?
0
What is the units digit of 37102911?
1
What is the thousands digit of 7295535?
5
What is the units digit of 3357965?
5
What is the ten thousands digit of 1446599?
4
What is the millions digit of 1327716?
1
What is the hundred thousands digit of 177359?
1
What is the hundreds digit of 611059?
0
What is the hundreds digit of 550888?
8
What is the ten thousands digit of 258835?
5
What is the hundreds digit of 10526803?
8
What is the hundreds digit of 45137?
1
What is the tens digit of 239194?
9
What is the ten thousands digit of 133168?
3
What is the ten thousands digit of 3842407?
4
What is the tens digit of 7490375?
7
What is the tens digit of 7586838?
3
What is the units digit of 195781?
1
What is the ten thousands digit of 28780976?
8
What is the thousands digit of 7155801?
5
What is the units digit of 3759727?
7
What is the tens digit of 3873707?
0
What is the units digit of 372030?
0
What is the hundred thousands digit of 5843837?
8
What is the hundred thousands digit of 8378131?
3
What is the hundreds digit of 3462122?
1
What is the hundreds digit of 3947261?
2
What is the ten thousands digit of 4447181?
4
What is the thousands digit of 15668677?
8
What is the hundred thousands digit of 2208803?
2
What is the tens digit of 29789659?
5
What is the thousands digit of 834070?
4
What is the hundred thousands digit of 3500926?
5
What is the hundreds digit of 2633812?
8
What is the tens digit of 507569?
6
What is the ten millions digit of 32307291?
3
What is the hundreds digit of 3117222?
2
What is the units digit of 1186672?
2
What is the millions digit of 8690758?
8
What is the millions digit of 1060646?
1
What is the millions digit of 3662898?
3
What is the ten thousands digit of 7250630?
5
What is the hundreds digit of 2282976?
9
What is the tens digit of 138940?
4
What is the thousands digit of 1001619?
1
What is the ten thousands digit of 382791?
8
What is the units digit of 39354?
4
What is the hundred thousands digit of 524557?
5
What is the hundred thousands digit of 1716384?
7
What is the hundred thousands digit of 592660?
5
What is the ten thousands digit of 3358856?
5
What is the thousands digit of 703122?
3
What is the hundreds digit of 7037082?
0
What is the units digit of 1825583?
3
What is the hundreds digit of 3666653?
6
What is the hundreds digit of 8537572?
5
What is the tens digit of 350459?
5
What is the hundred thousands digit of 187515?
1
What is the units digit of 316873?
3
What is the units digit of 74419?
9
What is the units digit of 1746537?
7
What is the units digit of 1352090?
0
What is the hundred thousands digit of 751518?
7
What is the units digit of 15078690?
0
What is the units digit of 6368546?
6
What is the ten thousands digit of 1084308?
8
What is the millions digit of 3066341?
3
What is the thousands digit of 344136?
4
What is the tens digit of 31956?
5
What is the ten thousands digit of 1468484?
6
What is the thousands digit of 164181?
4
What is the hundred thousands digit of 13390754?
3
What is the hundreds digit of 2218130?
1
What is the thousands digit of 232834?
2
What is the hundreds digit of 2711761?
7
What is the hundreds digit of 29230?
2
What is the hundred thousands digit of 494904?
4
What is the units digit of 5974478?
8
What is t